{"id":596,"date":"2015-11-09T16:54:11","date_gmt":"2015-11-09T15:54:11","guid":{"rendered":"http:\/\/kimbex.pl\/?post_type=car&#038;p=596&#038;lang=de"},"modified":"2016-02-23T12:45:20","modified_gmt":"2016-02-23T11:45:20","slug":"porsche-944-s2-cabriolet","status":"publish","type":"car","link":"https:\/\/kimbex.pl\/de\/samochody\/porsche-944-s2-cabriolet\/","title":{"rendered":"PORSCHE 944 S2 Cabriolet &#8217;90"},"featured_media":2403,"menu_order":0,"template":"","yoast_head":"<!-- This site is optimized with the Yoast SEO plugin v19.2 - https:\/\/yoast.com\/wordpress\/plugins\/seo\/ -->\n<title>PORSCHE 944 S2 Cabriolet &#039;90 | Kimbex Dream Cars<\/title>\n<meta name=\"description\" content=\"Cech\u0105 szczeg\u00f3ln\u0105 oferowanego egzemplarza jest to, \u017ce od momentu pierwszego zakupu by\u0142 on eksploatowany w Polsce. Zosta\u0142 on zakupiony w 1990 roku w\" \/>\n<meta name=\"robots\" content=\"index, follow, max-snippet:-1, max-image-preview:large, max-video-preview:-1\" \/>\n<link rel=\"canonical\" href=\"https:\/\/kimbex.pl\/de\/samochody\/porsche-944-s2-cabriolet\/\" \/>\n<meta property=\"og:locale\" content=\"de_DE\" \/>\n<meta property=\"og:type\" content=\"article\" \/>\n<meta property=\"og:title\" content=\"PORSCHE 944 S2 Cabriolet &#039;90 | Kimbex Dream Cars\" \/>\n<meta property=\"og:description\" content=\"Cech\u0105 szczeg\u00f3ln\u0105 oferowanego egzemplarza jest to, \u017ce od momentu pierwszego zakupu by\u0142 on eksploatowany w Polsce. Zosta\u0142 on zakupiony w 1990 roku w\" \/>\n<meta property=\"og:url\" content=\"https:\/\/kimbex.pl\/de\/samochody\/porsche-944-s2-cabriolet\/\" \/>\n<meta property=\"og:site_name\" content=\"Kimbex Dream Cars\" \/>\n<meta property=\"article:publisher\" content=\"https:\/\/www.facebook.com\/KimbexDreamCars\/\" \/>\n<meta property=\"article:modified_time\" content=\"2016-02-23T11:45:20+00:00\" \/>\n<meta property=\"og:image\" content=\"https:\/\/kimbex.pl\/wp-content\/uploads\/2015\/11\/c34253354_11.jpg\" \/>\n\t<meta property=\"og:image:width\" content=\"800\" \/>\n\t<meta property=\"og:image:height\" content=\"450\" \/>\n\t<meta property=\"og:image:type\" content=\"image\/jpeg\" \/>\n<meta name=\"author\" content=\"admin\" \/>\n<meta name=\"twitter:card\" content=\"summary\" \/>\n<meta name=\"twitter:label1\" content=\"Gesch\u00e4tzte Lesezeit\" \/>\n\t<meta name=\"twitter:data1\" content=\"1\u00a0Minute\" \/>\n<script type=\"application\/ld+json\" class=\"yoast-schema-graph\">{\"@context\":\"https:\/\/schema.org\",\"@graph\":[{\"@type\":\"WebSite\",\"@id\":\"https:\/\/kimbex.pl\/#website\",\"url\":\"https:\/\/kimbex.pl\/\",\"name\":\"Kimbex Dream Cars\",\"description\":\"Kimbex Dream Cars\",\"potentialAction\":[{\"@type\":\"SearchAction\",\"target\":{\"@type\":\"EntryPoint\",\"urlTemplate\":\"https:\/\/kimbex.pl\/?s={search_term_string}\"},\"query-input\":\"required name=search_term_string\"}],\"inLanguage\":\"de\"},{\"@type\":\"ImageObject\",\"inLanguage\":\"de\",\"@id\":\"https:\/\/kimbex.pl\/de\/samochody\/porsche-944-s2-cabriolet\/#primaryimage\",\"url\":\"https:\/\/kimbex.pl\/wp-content\/uploads\/2015\/11\/c34253354_11.jpg\",\"contentUrl\":\"https:\/\/kimbex.pl\/wp-content\/uploads\/2015\/11\/c34253354_11.jpg\",\"width\":800,\"height\":450},{\"@type\":\"WebPage\",\"@id\":\"https:\/\/kimbex.pl\/de\/samochody\/porsche-944-s2-cabriolet\/#webpage\",\"url\":\"https:\/\/kimbex.pl\/de\/samochody\/porsche-944-s2-cabriolet\/\",\"name\":\"PORSCHE 944 S2 Cabriolet '90 | Kimbex Dream Cars\",\"isPartOf\":{\"@id\":\"https:\/\/kimbex.pl\/#website\"},\"primaryImageOfPage\":{\"@id\":\"https:\/\/kimbex.pl\/de\/samochody\/porsche-944-s2-cabriolet\/#primaryimage\"},\"datePublished\":\"2015-11-09T15:54:11+00:00\",\"dateModified\":\"2016-02-23T11:45:20+00:00\",\"description\":\"Cech\u0105 szczeg\u00f3ln\u0105 oferowanego egzemplarza jest to, \u017ce od momentu pierwszego zakupu by\u0142 on eksploatowany w Polsce. Zosta\u0142 on zakupiony w 1990 roku w\",\"breadcrumb\":{\"@id\":\"https:\/\/kimbex.pl\/de\/samochody\/porsche-944-s2-cabriolet\/#breadcrumb\"},\"inLanguage\":\"de\",\"potentialAction\":[{\"@type\":\"ReadAction\",\"target\":[\"https:\/\/kimbex.pl\/de\/samochody\/porsche-944-s2-cabriolet\/\"]}]},{\"@type\":\"BreadcrumbList\",\"@id\":\"https:\/\/kimbex.pl\/de\/samochody\/porsche-944-s2-cabriolet\/#breadcrumb\",\"itemListElement\":[{\"@type\":\"ListItem\",\"position\":1,\"name\":\"Strona g\u0142\u00f3wna\",\"item\":\"https:\/\/kimbex.pl\/de\/\"},{\"@type\":\"ListItem\",\"position\":2,\"name\":\"PORSCHE 944 S2 Cabriolet &#8217;90\"}]}]}<\/script>\n<!-- \/ Yoast SEO plugin. -->","yoast_head_json":{"title":"PORSCHE 944 S2 Cabriolet '90 | Kimbex Dream Cars","description":"Cech\u0105 szczeg\u00f3ln\u0105 oferowanego egzemplarza jest to, \u017ce od momentu pierwszego zakupu by\u0142 on eksploatowany w Polsce. Zosta\u0142 on zakupiony w 1990 roku w","robots":{"index":"index","follow":"follow","max-snippet":"max-snippet:-1","max-image-preview":"max-image-preview:large","max-video-preview":"max-video-preview:-1"},"canonical":"https:\/\/kimbex.pl\/de\/samochody\/porsche-944-s2-cabriolet\/","og_locale":"de_DE","og_type":"article","og_title":"PORSCHE 944 S2 Cabriolet '90 | Kimbex Dream Cars","og_description":"Cech\u0105 szczeg\u00f3ln\u0105 oferowanego egzemplarza jest to, \u017ce od momentu pierwszego zakupu by\u0142 on eksploatowany w Polsce. Zosta\u0142 on zakupiony w 1990 roku w","og_url":"https:\/\/kimbex.pl\/de\/samochody\/porsche-944-s2-cabriolet\/","og_site_name":"Kimbex Dream Cars","article_publisher":"https:\/\/www.facebook.com\/KimbexDreamCars\/","article_modified_time":"2016-02-23T11:45:20+00:00","og_image":[{"width":800,"height":450,"url":"https:\/\/kimbex.pl\/wp-content\/uploads\/2015\/11\/c34253354_11.jpg","type":"image\/jpeg"}],"author":"admin","twitter_card":"summary","twitter_misc":{"Gesch\u00e4tzte Lesezeit":"1\u00a0Minute"},"schema":{"@context":"https:\/\/schema.org","@graph":[{"@type":"WebSite","@id":"https:\/\/kimbex.pl\/#website","url":"https:\/\/kimbex.pl\/","name":"Kimbex Dream Cars","description":"Kimbex Dream Cars","potentialAction":[{"@type":"SearchAction","target":{"@type":"EntryPoint","urlTemplate":"https:\/\/kimbex.pl\/?s={search_term_string}"},"query-input":"required name=search_term_string"}],"inLanguage":"de"},{"@type":"ImageObject","inLanguage":"de","@id":"https:\/\/kimbex.pl\/de\/samochody\/porsche-944-s2-cabriolet\/#primaryimage","url":"https:\/\/kimbex.pl\/wp-content\/uploads\/2015\/11\/c34253354_11.jpg","contentUrl":"https:\/\/kimbex.pl\/wp-content\/uploads\/2015\/11\/c34253354_11.jpg","width":800,"height":450},{"@type":"WebPage","@id":"https:\/\/kimbex.pl\/de\/samochody\/porsche-944-s2-cabriolet\/#webpage","url":"https:\/\/kimbex.pl\/de\/samochody\/porsche-944-s2-cabriolet\/","name":"PORSCHE 944 S2 Cabriolet '90 | Kimbex Dream Cars","isPartOf":{"@id":"https:\/\/kimbex.pl\/#website"},"primaryImageOfPage":{"@id":"https:\/\/kimbex.pl\/de\/samochody\/porsche-944-s2-cabriolet\/#primaryimage"},"datePublished":"2015-11-09T15:54:11+00:00","dateModified":"2016-02-23T11:45:20+00:00","description":"Cech\u0105 szczeg\u00f3ln\u0105 oferowanego egzemplarza jest to, \u017ce od momentu pierwszego zakupu by\u0142 on eksploatowany w Polsce. Zosta\u0142 on zakupiony w 1990 roku w","breadcrumb":{"@id":"https:\/\/kimbex.pl\/de\/samochody\/porsche-944-s2-cabriolet\/#breadcrumb"},"inLanguage":"de","potentialAction":[{"@type":"ReadAction","target":["https:\/\/kimbex.pl\/de\/samochody\/porsche-944-s2-cabriolet\/"]}]},{"@type":"BreadcrumbList","@id":"https:\/\/kimbex.pl\/de\/samochody\/porsche-944-s2-cabriolet\/#breadcrumb","itemListElement":[{"@type":"ListItem","position":1,"name":"Strona g\u0142\u00f3wna","item":"https:\/\/kimbex.pl\/de\/"},{"@type":"ListItem","position":2,"name":"PORSCHE 944 S2 Cabriolet &#8217;90"}]}]}},"_links":{"self":[{"href":"https:\/\/kimbex.pl\/de\/wp-json\/wp\/v2\/car\/596"}],"collection":[{"href":"https:\/\/kimbex.pl\/de\/wp-json\/wp\/v2\/car"}],"about":[{"href":"https:\/\/kimbex.pl\/de\/wp-json\/wp\/v2\/types\/car"}],"version-history":[{"count":3,"href":"https:\/\/kimbex.pl\/de\/wp-json\/wp\/v2\/car\/596\/revisions"}],"predecessor-version":[{"id":6187,"href":"https:\/\/kimbex.pl\/de\/wp-json\/wp\/v2\/car\/596\/revisions\/6187"}],"wp:featuredmedia":[{"embeddable":true,"href":"https:\/\/kimbex.pl\/de\/wp-json\/wp\/v2\/media\/2403"}],"wp:attachment":[{"href":"https:\/\/kimbex.pl\/de\/wp-json\/wp\/v2\/media?parent=596"}],"curies":[{"name":"wp","href":"https:\/\/api.w.org\/{rel}","templated":true}]}}

<!-- This site is optimized with the Yoast SEO plugin v19.2 - https://yoast.com/wordpress/plugins/seo/ -->
<title>PORSCHE 944 S2 Cabriolet &#039;90 | Kimbex Dream Cars</title>
<meta name="description" content="Cechą szczególną oferowanego egzemplarza jest to, że od momentu pierwszego zakupu był on eksploatowany w Polsce. Został on zakupiony w 1990 roku w" />
<meta name="robots" content="index, follow, max-snippet:-1, max-image-preview:large, max-video-preview:-1" />
<link rel="canonical" href="https://kimbex.pl/de/samochody/porsche-944-s2-cabriolet/" />
<meta property="og:locale" content="de_DE" />
<meta property="og:type" content="article" />
<meta property="og:title" content="PORSCHE 944 S2 Cabriolet &#039;90 | Kimbex Dream Cars" />
<meta property="og:description" content="Cechą szczególną oferowanego egzemplarza jest to, że od momentu pierwszego zakupu był on eksploatowany w Polsce. Został on zakupiony w 1990 roku w" />
<meta property="og:url" content="https://kimbex.pl/de/samochody/porsche-944-s2-cabriolet/" />
<meta property="og:site_name" content="Kimbex Dream Cars" />
<meta property="article:publisher" content="https://www.facebook.com/KimbexDreamCars/" />
<meta property="article:modified_time" content="2016-02-23T11:45:20+00:00" />
<meta property="og:image" content="https://kimbex.pl/wp-content/uploads/2015/11/c34253354_11.jpg" />
	<meta property="og:image:width" content="800" />
	<meta property="og:image:height" content="450" />
	<meta property="og:image:type" content="image/jpeg" />
<meta name="author" content="admin" />
<meta name="twitter:card" content="summary" />
<meta name="twitter:label1" content="Geschätzte Lesezeit" />
	<meta name="twitter:data1" content="1 Minute" />
<script type="application/ld+json" class="yoast-schema-graph">{"@context":"https://schema.org","@graph":[{"@type":"WebSite","@id":"https://kimbex.pl/#website","url":"https://kimbex.pl/","name":"Kimbex Dream Cars","description":"Kimbex Dream Cars","potentialAction":[{"@type":"SearchAction","target":{"@type":"EntryPoint","urlTemplate":"https://kimbex.pl/?s={search_term_string}"},"query-input":"required name=search_term_string"}],"inLanguage":"de"},{"@type":"ImageObject","inLanguage":"de","@id":"https://kimbex.pl/de/samochody/porsche-944-s2-cabriolet/#primaryimage","url":"https://kimbex.pl/wp-content/uploads/2015/11/c34253354_11.jpg","contentUrl":"https://kimbex.pl/wp-content/uploads/2015/11/c34253354_11.jpg","width":800,"height":450},{"@type":"WebPage","@id":"https://kimbex.pl/de/samochody/porsche-944-s2-cabriolet/#webpage","url":"https://kimbex.pl/de/samochody/porsche-944-s2-cabriolet/","name":"PORSCHE 944 S2 Cabriolet '90 | Kimbex Dream Cars","isPartOf":{"@id":"https://kimbex.pl/#website"},"primaryImageOfPage":{"@id":"https://kimbex.pl/de/samochody/porsche-944-s2-cabriolet/#primaryimage"},"datePublished":"2015-11-09T15:54:11+00:00","dateModified":"2016-02-23T11:45:20+00:00","description":"Cechą szczególną oferowanego egzemplarza jest to, że od momentu pierwszego zakupu był on eksploatowany w Polsce. Został on zakupiony w 1990 roku w","breadcrumb":{"@id":"https://kimbex.pl/de/samochody/porsche-944-s2-cabriolet/#breadcrumb"},"inLanguage":"de","potentialAction":[{"@type":"ReadAction","target":["https://kimbex.pl/de/samochody/porsche-944-s2-cabriolet/"]}]},{"@type":"BreadcrumbList","@id":"https://kimbex.pl/de/samochody/porsche-944-s2-cabriolet/#breadcrumb","itemListElement":[{"@type":"ListItem","position":1,"name":"Strona główna","item":"https://kimbex.pl/de/"},{"@type":"ListItem","position":2,"name":"PORSCHE 944 S2 Cabriolet &#8217;90"}]}]}</script>
<!-- / Yoast SEO plugin. -->

Cechą szczególną oferowanego egzemplarza jest to, że od momentu pierwszego zakupu był on eksploatowany w Polsce. Został on zakupiony w 1990 roku w

Strona główna
